150) + -98?
-80
What is the value of (4 - 19) + -2 + (-375 - -379)?
-13
What is -5 - (-15 + 0 + (-9 - (13 + -20)))?
12
Calculate 33 - ((-12 - 1 - -9) + -12 - -9).
40
-158 + 213 - (75 + -1)
-19
Evaluate 35 + -85 + (11 - -3) - 73.
-109
Calculate -1 - (-15 - -2) - (-44 + 24 - -33 - -33).
-34
What is -7 + 0 - (4 - (-4 + (-4 - -23)))?
4
Calculate -30 + 26 - ((5 - 17) + -13) - 17.
4
-9981 - -9974 - ((-2 + -7 - -2) + (2 - 0))
-2
What is (258 - 278) + 17 + 1 + 14?
12
(-1 - 6) + (3 - (18 - (-1 - (10 - 37))))
4
Calculate -79 - 45 - -32 - -82.
-10
What is -10 - (-3 + (-7 - (-1 + -2 + 2)))?
-1
What is the value of 23 - (10 - (-4 + (-9 - (10 - 33)) + 9))?
32
53 + (-22 - 52) - (11 - 3 - 154)
125
Calculate 9 + 15 + -7 + 16 + -34 + 29.
28
Calculate 15 + (3 + -18 - (90 - 146)).
56
What is 26 - (172 + -161 + (-2 - 21)) - (2 + -10)?
46
Calculate (-50 - (-22 + -16 + -24)) + (-71 - (-4 + 2)).
-57
What is 2 + -11 - ((-7 + -12 - 7) + (37 - -26))?
-46
33 + 0 + (0 + -13 - 0 - (2 + -7))
25
What is 16 + 21 + -10 + -31 + (-11 + -2 - 1)?
-18
Calculate (1 + 2 - 6) + (30 - (8 + -6)).
25
(23 - 16) + -38 + -6 - 17
-54
Evaluate -3 + 30 + 1 + (1 - 20 - (-47 - -19)).
37
What is the value of 24 - (-29 + (38 - (63 + -32)))?
46
(-10 + -39 - -6) + -11 - -11 - (2 + -9)
-36
67 + 2 + 0 - (1144 - 1142 - (9 - 2))
74
Evaluate 12 - (-7 - (7 + -11 + 17 + 15)).
47
What is the value of -140 + 1 + 3731 + -3722?
-130
What is the value of 27 + 4 + 49 + (-6 - 11) + -45?
18
What is 50 - (-3 - -42) - (0 + 5) - 5 - 30?
-29
What is the value of 72 - (-14 - -7) - (21 + -32) - -8?
98
Evaluate (0 - 1) + (217 - 235) - (-1 + 9).
-27
What is the value of (11 - 12 - (-11 + -2 + -2)) + 12?
26
What is the value of 2 + -47 - (-374 - -283)?
46
Calculate 32 - (-18 + (28 - -24) + -19).
17
What is (12 - 120) + (-3 + 21 - (31 - -7))?
-128
(-69 - (13 - 32)) + 53
3
Evaluate (-107 + 32 - -1) + 37.
-37
Calculate 31 - (19 - 2) - (44 + -37).
7
(31 - ((73 - 25) + -18)) + (0 - -123) - 3
121
What is the value of 2 + 28 - (-85 - -20 - -55)?
40
What is 1 + 4 + 2 + (58 - 23)?
42
What is the value of -98 + -1 - (61 - -31 - 99) - -16?
-76
What is the value of -6 - (-23 + 8) - 3?
6
-4 + 85 - (2670 + -2565)
-24
What is the value of (3 - (-8 - -142)) + 39 + -43 + 6?
-129
What is the value of (124 - (-47 - -19)) + -35 - -16?
133
What is the value of (-9 - (1 - 0)) + -6838 + 6849 + -7?
-6
Evaluate (6 - 1 - (-154 + -65 + 113)) + -19.
92
What is 3 + -7 + 11 + (-4 - (-5 - 0) - -10)?
18
What is the value of -50 + 52 + 7 - 20?
-11
Evaluate (-5615 - -5844) + -127 + 1.
103
What is 28 + 70 - 105 - -76?
69
Evaluate -7 + (59 - 23) - 37 - (1 - 19).
10
What is -104 - -163 - (137 - 18)?
-60
-8 + -50 + 125 + -119
-52
What is the value of -2 + -52 - (0 + 15 + -33 - (-11 - 1))?
-48
What is 15 + -52 + 118 + -69?
12
What is the value of -7 + (-17 - -17) + 5 + 7 + 7?
12
Calculate 45 + 6 - (41 - (13 - 9)).
14
What is the value of -13 - ((-50 - 21) + 14) - 18?
26
What is 60 - (0 + -4 - (-171 - -144))?
37
What is the value of -73 - -51 - -22 - 40?
-40
Evaluate 1297 - 1289 - (-20 + -2).
30
What is the value of (-13 + -115 - -144) + (-1 - -47)?
62
What is the value of 49 + (-1 + 1 - 12) + 5 + (30 - 16)?
56
What is -11 + (-11 - -11) + -10 + 45 + -10?
14
What is (-1 - (23 - -4)) + 108 + -124?
-44
What is the value of (-8 - -29) + (-9 - (-8 - -14)) - 35?
-29
Evaluate 4 + 0 + (38 - 95) + 57 + (-55 - 0).
-51
Calculate -122 + (2 - -1) - (5 + (-21 - (-11 + 3))).
-111
Calculate -9 + (25 - (4 + 7) - 4) + -45.
-44
What is 26 + (-2 - -41 - 18)?
47
Calculate 1 + 9 + (-19 - 53).
-62
Calculate (-42 - -49) + -24 + 48.
31
(-6 - -1) + 93 - (69 + -26)
45
What is the value of (5 - -1) + 142 + -153 + -33?
-38
What is -7 + (-43 - (-94 - (-21 + -21)))?
2
What is -3 + 46 + 53 + -96?
0
Evaluate -16 + 30 + (23 - 1) - (-3 + 6 + -4).
37
What is the value of -43 - (151 + -142 + (3 + 0 + -2 - 4))?
-49
What is 16 - ((43 - 13 - (5 + -5)) + -14)?
0
Calculate -17 + 69 + 91 + -182.
-39
What is the value of -29 + (2 - -10) + (1 - 3 - (-10 - -2))?
-11
Evaluate -10 - (58 + -92 - (2 - 4 - (7 - 6))).
21
What is the value of 47 + (-29 - 20) + 43?
41
Calculate -34 + (-14 + 11 + -8 + 6 + -9 - -9).
-39
What is the value of (35 - (-19 + 114)) + 111?
51
What is 37 - ((-26 - 15) + 74) - -42?
46
What is the value of 20 + 1 + -60 + 21?
-18
What is 576 + (214 - 812) - (-11 + 0 - -1)?
-12
Calculate -9 + 7 + (-3 - 9) + 3 + (1 - -73).
63
166 + -26 + -17 + (4 - 16) + -18
93
Evaluate -64 - 2 - ((-71 - -52) + 22 + -3).
-66
What is the value of 1 + -20 - (-6 + 29 + -13)?
-29
What is 4 - (295 + -280 - (0 + -2))?
-13
What is (11 - 31) + (-17 - (30 - -31))?
-98
Calculate 1 + 12 + 2 + 106 + (1359 - 1384).
96
Evaluate -69 + 145 + -90 + (0 + 5 - -84 - 5).
70
Calculate (124 - (78 - -112)) + (20 - -1).
-45
What is 28 - (15 + -20 + 19)?
14
-26 - (-50 + (25 - -1)) - (4 + -3 + 21)
-24
Calculate 0 + (7 - -1) + 12 + 27 + -43.
4
What is -21 + (20 - (-16 + 18)) + (18 - 0 - -1)?
16
What is (0 - -1) + -11 + -34 + (79 - 38) - 11?
-14
What is the value of -30 + 32 + -101 - (6 - 16)?
-89
Calculate -136 + 89 + 27 + 143.
123
(-37 - (19 + -45 + 16)) + -13
-40
Calculate -1 - (-18 - (54 - 53)).
18
-52 + ((2 - -4) + -105 + 89 - (2 + -5))
-59
Calculate (4 - 10) + 1 + -13 + (7 - -10 - 14).
-15
Calculate 122 + -54 + 23 + -14.
77
Calculate (-10 - (-31 - -11)) + (-1 - 5) + (-4 - -45).
45
What is the value of 8 + (-2 + -1 + -1 - -8) - (231 + -310)?
91
What is the value of 2 + 51 + -53 - -57 - (-6 - 0 - 2)?
65
Calculate (91 - -4) + (-1063 - -860).
-108
What is the value of (-12 - -36 - -5) + -16?
13
What is (-78 - (18 - 52)) + (6 - -2)?
-36
What is 2 - -5 - (41 + -39 - -1)?
4
Evaluate (-59 - -13 - -41) + (6 + -3 - 7).
-9
What is the value of -26 - -10 - (30 - (2 + 10))?
-34
(-17 - 2 - -11 - 7) + 18
3
What is -110 + -3 + (21 - -41)?
-51
What is (73 - (-21 - -54)) + -90?
-50
Evaluate 76 + (-32 - 31) + 26.
39
What is the value of 0 + -30 + 17 + (19 - 14 - 16) + 4?
-20
What is 49 + 1 - (838 + -787)?
-1
What is 10 - -26 - (-45 - -5) - (-7 - -1 - 0)?
82
Calculate 471 + -415 - (-3 - 1 - (3 + -6)).
57
-236 + 120 - 140 - -117
-139
Evaluate -13 - (-37 + (-14 - -7)) - 31.
0
Calculate (9 - 16 - -13 - 12) + -16 - (-3 - -6).
-25
What is the value of 4 + (-36 - -2) + 45 - -108?
123
Calculate -2 + -5 + 56 + -315 + 334.
68
What is the value of (0 - 35) + (-1260 - -1282) - -54?
41
Calculate -15 - (-59 + 44) - (139 + 2) - (-9 - 0).
-132
Evaluate (-24 - (4 + -47)) + (12 - -3).
34
What is -4 + (-44 - (5 + 2) - -13)?
-42
What is the value of 1 + -61 + (15 - (3 + -7) - 11)?
-52
Calculate 1 - -119 - (30 + -1 + (-28 - 4)).
123
What is -259 - -269 - (-4 + 1 + -2 + 5)?
10
What is -8 - (-16 - (-26 + 13 - (20 + -90)))?
65
What is 5 - ((27 - (0 - 1)) + -18 + 54)?
-59
Evaluate -14 + (42 - 22) - (1 - 20 - -2).
23
What is the value of -46 + -108 + 63 - -129?
38
Evaluate -3 - (6 + -17 - -27) - (1 + -10).
-10
Evaluate 30 - (0 + -7) - (11 + -7).
33
Calculate -5 - (10 + -15 + -15 + 12) - 98.
-95
(-5 - (-12 + 6)) + -11 + -4 + 10
-4
-2 - 1 - (12 - 2) - (-17499 - -17504)
-18
Evaluate 59 - (5 + (5 - 10)) - 22.
37
(-19 - (-11 + 3)) + (-34 - 13) + -11
-69
Evaluate 40 + (45 - (40 + 18)) - (1 + 10).
16
Evaluate (-2070 - -2070) + 108 + -2 + -2.
104
What is -37 - (63 - (-4 - -136))?
32
Calculate 0 + (7 + -2 - 6) + (-111 - -93).
-19
Evaluate (5 + -12 - (0 - 14)) + -31 + -47.
-71
-1 - (-37 - (-107 + -21 + 23))
-69
What is -79 - -48 - (-13 - 9 - -5)?
-14
Evaluate (-14 - (14 + -16 + -16)) + (100 - (0 - 0)).
104
What is the value of 0 + 2 - (-11 + -4 - (-31 + 61))?
47
What is 11 + -24 + (78 - 86)?
-21
What is -88 + (-98 - -58) - -85?
-43
Evaluate 57 + (-17 - 66) - -45.
19
What is 6 + -22 - -4 - (344 - 323)?
-33
Evaluate 7 + 1 - (-96 - (4 + -5 - (-47 - -26))).
124
(36 + -6 - -29) + (-13 - (2 + -1))
45
Calculate (-22 - (-15 + 19)) + (9 - -2).
-15
What is the value of 8 + -13 + (75 + -82 - (-1 + -6))?
-5
Calculate 206 - (90 + 18) - (2 + -46).
142
Evaluate (-18 - -10) + 1 + (-5 - -7) - (-56 - 2).
53
-8 - (-2 + 2) - (-560 + 535)
17
Evaluate (-20 - -2) + (27 - 11) + 4 + -2.
0
What is -52 - -53 - 22 - 18?
-39
What is the value of 5 + 6 + (-69 - (10 + (-33 - -7)))?
-42
Calculate -491 + 470 - (2 + 3 - 2).
-24
What is the value of 33 + (-13 - (32 - 24))?
12
Evaluate 19 + 85 + (-8 - (1 - 9)).
104
-99 